CRAN Package Check Results for Package AutoStepwiseGLM

Last updated on 2021-10-17 03:51:56 CEST.

Flavor Version Tinstall Tcheck Ttotal Status Flags
r-devel-linux-x86_64-debian-clang 0.2.0 12.59 114.24 126.83 NOTE
r-devel-linux-x86_64-debian-gcc 0.2.0 10.84 86.78 97.62 NOTE
r-devel-linux-x86_64-fedora-clang 0.2.0 160.85 NOTE
r-devel-linux-x86_64-fedora-gcc 0.2.0 146.76 NOTE
r-devel-windows-x86_64 0.2.0 21.00 139.00 160.00 NOTE
r-devel-windows-x86_64-gcc10-UCRT 0.2.0 NOTE
r-patched-linux-x86_64 0.2.0 13.29 107.49 120.78 NOTE
r-patched-solaris-x86 0.2.0 224.80 NOTE
r-release-linux-x86_64 0.2.0 12.27 106.90 119.17 NOTE
r-release-macos-arm64 0.2.0 NOTE
r-release-macos-x86_64 0.2.0 NOTE
r-release-windows-ix86+x86_64 0.2.0 4.00 8.00 12.00 ERROR
r-oldrel-macos-x86_64 0.2.0 OK
r-oldrel-windows-ix86+x86_64 0.2.0 35.00 146.00 181.00 OK

Check Details

Version: 0.2.0
Check: LazyData
Result: NOTE
     'LazyData' is specified without a 'data' directory
Flavors: r-devel-linux-x86_64-debian-clang, r-devel-linux-x86_64-debian-gcc, r-devel-linux-x86_64-fedora-clang, r-devel-linux-x86_64-fedora-gcc, r-devel-windows-x86_64, r-devel-windows-x86_64-gcc10-UCRT, r-patched-linux-x86_64, r-patched-solaris-x86, r-release-linux-x86_64, r-release-macos-arm64, r-release-macos-x86_64

Version: 0.2.0
Check: whether package can be installed
Result: ERROR
    Installation failed.
Flavor: r-release-windows-ix86+x86_64