CRAN Package Check Results for Package AsioHeaders

Last updated on 2022-11-26 16:02:49 CET.

Flavor Version Tinstall Tcheck Ttotal Status Flags
r-devel-linux-x86_64-debian-clang 1.22.1-1 3.21 17.05 20.26 OK
r-devel-linux-x86_64-debian-gcc 1.22.1-1 2.14 13.26 15.40 OK
r-devel-linux-x86_64-fedora-clang 1.22.1-1 35.28 NOTE
r-devel-linux-x86_64-fedora-gcc 1.22.1-1 34.57 OK
r-devel-windows-x86_64 1.22.1-1 784.00 77.00 861.00 NOTE
r-patched-linux-x86_64 1.22.1-1 OK
r-release-linux-x86_64 1.22.1-1 2.79 16.59 19.38 OK
r-release-macos-arm64 1.22.1-1 13.00 NOTE
r-release-macos-x86_64 1.22.1-1 22.00 NOTE
r-release-windows-x86_64 1.22.1-1 163.00 55.00 218.00 NOTE
r-oldrel-macos-arm64 1.22.1-1 13.00 NOTE
r-oldrel-macos-x86_64 1.22.1-1 21.00 NOTE
r-oldrel-windows-ix86+x86_64 1.22.1-1 13.00 32.00 45.00 NOTE

Check Details

Version: 1.22.1-1
Check: installed package size
Result: NOTE
     installed size is 6.6Mb
     sub-directories of 1Mb or more:
     include 6.5Mb
Flavors: r-devel-linux-x86_64-fedora-clang, r-devel-windows-x86_64, r-release-macos-arm64, r-release-macos-x86_64, r-release-windows-x86_64, r-oldrel-macos-arm64, r-oldrel-macos-x86_64, r-oldrel-windows-ix86+x86_64