CRAN Package Check Results for Package ArrayBin

Last updated on 2020-09-20 16:14:11 CEST.

Flavor Version Tinstall Tcheck Ttotal Status Flags
r-devel-linux-x86_64-debian-clang 0.2 8.39 76.80 85.19 NOTE
r-devel-linux-x86_64-debian-gcc 0.2 7.45 59.90 67.35 NOTE
r-devel-linux-x86_64-fedora-clang 0.2 115.59 NOTE
r-devel-linux-x86_64-fedora-gcc 0.2 111.25 NOTE
r-devel-windows-ix86+x86_64 0.2 21.00 105.00 126.00 NOTE
r-patched-linux-x86_64 0.2 8.78 75.72 84.50 NOTE
r-patched-solaris-x86 0.2 156.50 NOTE
r-release-linux-x86_64 0.2 7.87 75.32 83.19 NOTE
r-release-macos-x86_64 0.2 NOTE
r-release-windows-ix86+x86_64 0.2 16.00 75.00 91.00 NOTE
r-oldrel-macos-x86_64 0.2 NOTE
r-oldrel-windows-ix86+x86_64 0.2 17.00 106.00 123.00 NOTE

Check Details

Version: 0.2
Check: R code for possible problems
Result: NOTE
    binarize.array: no visible binding for global variable 'sd'
    mskmeans: no visible global function definition for 'kmeans'
    Undefined global functions or variables:
     kmeans sd
    Consider adding
     importFrom("stats", "kmeans", "sd")
    to your NAMESPACE file.
Flavors: r-devel-linux-x86_64-debian-clang, r-devel-linux-x86_64-debian-gcc, r-devel-linux-x86_64-fedora-clang, r-devel-linux-x86_64-fedora-gcc, r-devel-windows-ix86+x86_64, r-patched-linux-x86_64, r-patched-solaris-x86, r-release-linux-x86_64, r-release-macos-x86_64, r-release-windows-ix86+x86_64, r-oldrel-macos-x86_64, r-oldrel-windows-ix86+x86_64