CRAN Package Check Results for Package ArchaeoPhases

Last updated on 2020-09-22 03:49:13 CEST.

Flavor Version Tinstall Tcheck Ttotal Status Flags
r-devel-linux-x86_64-debian-clang 1.4.5 9.61 142.62 152.23 OK
r-devel-linux-x86_64-debian-gcc 1.4.5 0.55 2.48 3.03 ERROR
r-devel-linux-x86_64-fedora-clang 1.4.5 187.25 NOTE
r-devel-linux-x86_64-fedora-gcc 1.4.5 218.88 NOTE
r-devel-windows-ix86+x86_64 1.4.5 22.00 186.00 208.00 OK
r-patched-linux-x86_64 1.4.5 8.73 139.86 148.59 OK
r-patched-solaris-x86 1.4.5 287.40 NOTE
r-release-linux-x86_64 1.4.5 8.78 139.75 148.53 OK
r-release-macos-x86_64 1.4.5 NOTE
r-release-windows-ix86+x86_64 1.4.5 23.00 192.00 215.00 OK
r-oldrel-macos-x86_64 1.4.5 NOTE
r-oldrel-windows-ix86+x86_64 1.4.5 11.00 175.00 186.00 OK

Check Details

Version: 1.4.5
Check: whether package can be installed
Result: ERROR
    Installation failed.
Flavor: r-devel-linux-x86_64-debian-gcc

Version: 1.4.5
Check: dependencies in R code
Result: NOTE
    Namespace in Imports field not imported from: ‘DT’
     All declared Imports should be used.
Flavors: r-devel-linux-x86_64-fedora-clang, r-devel-linux-x86_64-fedora-gcc, r-patched-solaris-x86, r-release-macos-x86_64, r-oldrel-macos-x86_64