Last updated on 2022-07-03 03:49:49 CEST.
Flavor | Version | Tinstall | Tcheck | Ttotal | Status | Flags |
---|---|---|---|---|---|---|
r-devel-linux-x86_64-debian-clang | 0.1 | 9.17 | 127.35 | 136.52 | OK | |
r-devel-linux-x86_64-debian-gcc | 0.1 | 7.00 | 95.20 | 102.20 | OK | |
r-devel-linux-x86_64-fedora-clang | 0.1 | 173.53 | WARN | |||
r-devel-linux-x86_64-fedora-gcc | 0.1 | 169.24 | WARN | |||
r-devel-windows-x86_64 | 0.1 | 16.00 | 158.00 | 174.00 | OK | |
r-patched-linux-x86_64 | 0.1 | 10.00 | 124.46 | 134.46 | OK | |
r-release-linux-x86_64 | 0.1 | 9.45 | 122.40 | 131.85 | OK | |
r-release-macos-arm64 | 0.1 | 64.00 | OK | |||
r-release-macos-x86_64 | 0.1 | 617.00 | OK | |||
r-release-windows-x86_64 | 0.1 | 34.00 | 162.00 | 196.00 | OK | |
r-oldrel-macos-arm64 | 0.1 | 45.00 | OK | |||
r-oldrel-macos-x86_64 | 0.1 | 81.00 | OK | |||
r-oldrel-windows-ix86+x86_64 | 0.1 | 27.00 | 162.00 | 189.00 | OK |
Version: 0.1
Check: package dependencies
Result: WARN
Requires (indirectly) orphaned package: ‘gtools’
Flavors: r-devel-linux-x86_64-fedora-clang, r-devel-linux-x86_64-fedora-gcc