CRAN Package Check Results for Package AnthropMMD

Last updated on 2020-10-26 03:48:17 CET.

Flavor Version Tinstall Tcheck Ttotal Status Flags
r-devel-linux-x86_64-debian-clang 3.1.0 15.04 122.72 137.76 OK
r-devel-linux-x86_64-debian-gcc 3.1.0 11.69 93.76 105.45 OK
r-devel-linux-x86_64-fedora-clang 3.1.0 174.46 OK
r-devel-linux-x86_64-fedora-gcc 3.1.0 181.09 OK
r-devel-windows-ix86+x86_64 3.1.0 36.00 147.00 183.00 OK
r-patched-linux-x86_64 3.1.0 14.05 112.70 126.75 OK
r-patched-solaris-x86 3.1.0 229.80 OK
r-release-linux-x86_64 3.1.0 13.02 111.87 124.89 OK
r-release-macos-x86_64 3.1.0 OK
r-release-windows-ix86+x86_64 3.1.0 27.00 110.00 137.00 OK
r-oldrel-macos-x86_64 3.1.0 ERROR
r-oldrel-windows-ix86+x86_64 3.0.1 37.00 189.00 226.00 OK

Check Details

Version: 3.1.0
Check: whether package can be installed
Result: ERROR
    Installation failed.
Flavor: r-oldrel-macos-x86_64