CRAN Package Check Results for Package AntWeb

Last updated on 2020-09-23 16:38:35 CEST.

Flavor Version Tinstall Tcheck Ttotal Status Flags
r-devel-linux-x86_64-debian-clang 0.7 3.22 27.52 30.74 NOTE
r-devel-linux-x86_64-debian-gcc 0.7 2.44 21.98 24.42 NOTE
r-devel-linux-x86_64-fedora-clang 0.7 46.16 NOTE
r-devel-linux-x86_64-fedora-gcc 0.7 43.42 NOTE
r-devel-windows-ix86+x86_64 0.7 7.00 51.00 58.00 NOTE
r-patched-linux-x86_64 0.7 3.09 26.58 29.67 NOTE
r-patched-solaris-x86 0.7 57.90 NOTE
r-release-linux-x86_64 0.7 3.21 26.66 29.87 NOTE
r-release-macos-x86_64 0.7 NOTE
r-release-windows-ix86+x86_64 0.7 6.00 50.00 56.00 NOTE
r-oldrel-macos-x86_64 0.7 NOTE
r-oldrel-windows-ix86+x86_64 0.7 5.00 46.00 51.00 NOTE

Check Details

Version: 0.7
Check: R code for possible problems
Result: NOTE
    aw_map: no visible global function definition for 'browseURL'
    Undefined global functions or variables:
     browseURL
    Consider adding
     importFrom("utils", "browseURL")
    to your NAMESPACE file.
Flavors: r-devel-linux-x86_64-debian-clang, r-devel-linux-x86_64-debian-gcc, r-devel-linux-x86_64-fedora-clang, r-devel-linux-x86_64-fedora-gcc, r-devel-windows-ix86+x86_64, r-patched-linux-x86_64, r-patched-solaris-x86, r-release-linux-x86_64, r-release-macos-x86_64, r-release-windows-ix86+x86_64, r-oldrel-macos-x86_64, r-oldrel-windows-ix86+x86_64