CRAN Package Check Results for Package AmpGram

Last updated on 2020-09-24 15:48:23 CEST.

Flavor Version Tinstall Tcheck Ttotal Status Flags
r-devel-linux-x86_64-debian-clang 1.0 13.49 95.90 109.39 OK
r-devel-linux-x86_64-debian-gcc 1.0 9.95 73.06 83.01 OK
r-devel-linux-x86_64-fedora-clang 1.0 137.60 OK
r-devel-linux-x86_64-fedora-gcc 1.0 155.55 OK
r-devel-windows-ix86+x86_64 1.0 53.00 14.00 67.00 ERROR
r-patched-linux-x86_64 1.0 11.49 90.43 101.92 OK
r-patched-solaris-x86 1.0 179.50 OK
r-release-linux-x86_64 1.0 10.23 89.50 99.73 OK
r-release-macos-x86_64 1.0 OK
r-release-windows-ix86+x86_64 1.0 44.00 130.00 174.00 OK
r-oldrel-macos-x86_64 1.0 OK
r-oldrel-windows-ix86+x86_64 1.0 19.00 116.00 135.00 OK

Check Details

Version: 1.0
Check: whether package can be installed
Result: ERROR
    Installation failed.
Flavor: r-devel-windows-ix86+x86_64