Last updated on 2023-01-29 03:55:07 CET.
Flavor | Version | Tinstall | Tcheck | Ttotal | Status | Flags |
---|---|---|---|---|---|---|
r-devel-linux-x86_64-debian-clang | 1.8.1 | 47.76 | 83.87 | 131.63 | OK | |
r-devel-linux-x86_64-debian-gcc | 1.8.1 | 33.50 | 60.53 | 94.03 | NOTE | |
r-devel-linux-x86_64-fedora-clang | 1.8.1 | 166.71 | OK | |||
r-devel-linux-x86_64-fedora-gcc | 1.8.1 | 169.06 | NOTE | |||
r-devel-windows-x86_64 | 1.8.1 | 71.00 | 129.00 | 200.00 | OK | |
r-patched-linux-x86_64 | 1.8.1 | 40.69 | 78.14 | 118.83 | OK | |
r-release-linux-x86_64 | 1.8.1 | 39.11 | 75.36 | 114.47 | OK | |
r-release-macos-arm64 | 1.8.1 | 57.00 | NOTE | |||
r-release-macos-x86_64 | 1.8.1 | 91.00 | NOTE | |||
r-release-windows-x86_64 | 1.8.1 | 56.00 | 144.00 | 200.00 | OK | |
r-oldrel-macos-arm64 | 1.8.1 | 60.00 | NOTE | |||
r-oldrel-macos-x86_64 | 1.8.1 | 95.00 | NOTE | |||
r-oldrel-windows-ix86+x86_64 | 1.8.1 | 94.00 | 134.00 | 228.00 | OK |
Version: 1.8.1
Check: C++ specification
Result: NOTE
Specified C++11: please update to current default of C++17
Flavors: r-devel-linux-x86_64-debian-gcc, r-devel-linux-x86_64-fedora-gcc
Version: 1.8.1
Check: installed package size
Result: NOTE
installed size is 6.0Mb
sub-directories of 1Mb or more:
doc 1.4Mb
libs 3.9Mb
Flavors: r-release-macos-arm64, r-release-macos-x86_64, r-oldrel-macos-arm64, r-oldrel-macos-x86_64