CRAN Package Check Results for Package AlphaSimR

Last updated on 2020-10-01 15:48:20 CEST.

Flavor Version Tinstall Tcheck Ttotal Status Flags
r-devel-linux-x86_64-debian-clang 0.12.2 286.58 78.32 364.90 OK
r-devel-linux-x86_64-debian-gcc 0.12.2 212.55 62.48 275.03 OK
r-devel-linux-x86_64-fedora-clang 0.12.2 499.19 NOTE
r-devel-linux-x86_64-fedora-gcc 0.12.2 504.88 OK
r-devel-windows-ix86+x86_64 0.12.2 600.00 148.00 748.00 NOTE
r-patched-linux-x86_64 0.12.2 261.43 76.97 338.40 OK
r-patched-solaris-x86 0.12.2 416.90 OK
r-release-linux-x86_64 0.12.2 254.58 77.12 331.70 OK
r-release-macos-x86_64 0.12.2 NOTE
r-release-windows-ix86+x86_64 0.12.2 594.00 142.00 736.00 NOTE
r-oldrel-macos-x86_64 0.12.2 NOTE
r-oldrel-windows-ix86+x86_64 0.12.2 609.00 183.00 792.00 OK

Check Details

Version: 0.12.2
Check: installed package size
Result: NOTE
     installed size is 20.8Mb
     sub-directories of 1Mb or more:
     libs 19.7Mb
Flavors: r-devel-linux-x86_64-fedora-clang, r-devel-windows-ix86+x86_64, r-release-macos-x86_64, r-release-windows-ix86+x86_64, r-oldrel-macos-x86_64