CRAN Package Check Results for Package AlphaSimR

Last updated on 2022-10-06 03:58:22 CEST.

Flavor Version Tinstall Tcheck Ttotal Status Flags
r-devel-linux-x86_64-debian-clang 1.3.1 263.13 111.36 374.49 OK
r-devel-linux-x86_64-debian-gcc 1.3.1 224.48 74.92 299.40 OK
r-devel-linux-x86_64-fedora-clang 1.3.1 553.70 OK
r-devel-linux-x86_64-fedora-gcc 1.3.1 512.05 OK
r-devel-windows-x86_64 1.3.1 257.00 175.00 432.00 OK
r-patched-linux-x86_64 1.3.1 234.70 92.98 327.68 OK
r-release-linux-x86_64 1.3.1 242.26 91.41 333.67 OK
r-release-macos-arm64 1.3.1 116.00 NOTE
r-release-macos-x86_64 1.3.1 150.00 NOTE
r-release-windows-x86_64 1.3.1 285.00 179.00 464.00 OK
r-oldrel-macos-arm64 1.3.1 109.00 NOTE
r-oldrel-macos-x86_64 1.3.1 153.00 NOTE
r-oldrel-windows-ix86+x86_64 1.3.1 636.00 192.00 828.00 NOTE

Check Details

Version: 1.3.1
Check: installed package size
Result: NOTE
     installed size is 18.6Mb
     sub-directories of 1Mb or more:
     libs 17.4Mb
Flavors: r-release-macos-arm64, r-release-macos-x86_64, r-oldrel-macos-arm64, r-oldrel-macos-x86_64, r-oldrel-windows-ix86+x86_64