CRAN Package Check Results for Package AlphaPart

Last updated on 2020-09-22 03:49:13 CEST.

Flavor Version Tinstall Tcheck Ttotal Status Flags
r-devel-linux-x86_64-debian-clang 0.8.1 25.71 92.48 118.19 OK
r-devel-linux-x86_64-debian-gcc 0.8.1 0.28 2.32 2.60 ERROR
r-devel-linux-x86_64-fedora-clang 0.8.1 163.27 OK
r-devel-linux-x86_64-fedora-gcc 0.8.1 176.19 OK
r-devel-windows-ix86+x86_64 0.8.1 74.00 169.00 243.00 OK
r-patched-linux-x86_64 0.8.1 22.57 86.50 109.07 OK
r-patched-solaris-x86 0.8.1 199.90 OK
r-release-linux-x86_64 0.8.1 22.96 87.92 110.88 OK
r-release-macos-x86_64 0.8.1 OK
r-release-windows-ix86+x86_64 0.8.1 71.00 170.00 241.00 OK
r-oldrel-macos-x86_64 0.8.1 OK
r-oldrel-windows-ix86+x86_64 0.8.1 45.00 155.00 200.00 OK

Check Details

Version: 0.8.1
Check: whether package can be installed
Result: ERROR
    Installation failed.
Flavor: r-devel-linux-x86_64-debian-gcc