CRAN Package Check Results for Package AirSensor

Last updated on 2022-06-29 03:52:33 CEST.

Flavor Version Tinstall Tcheck Ttotal Status Flags
r-devel-linux-x86_64-debian-clang 1.0.8 14.60 187.27 201.87 OK
r-devel-linux-x86_64-debian-gcc 1.0.8 13.70 138.45 152.15 OK
r-devel-linux-x86_64-fedora-clang 1.0.8 248.10 NOTE
r-devel-linux-x86_64-fedora-gcc 1.0.8 243.86 NOTE
r-devel-windows-x86_64 1.0.8 144.00 290.00 434.00 OK
r-patched-linux-x86_64 1.0.8 17.53 175.46 192.99 OK
r-release-linux-x86_64 1.0.8 12.97 177.25 190.22 OK
r-release-macos-arm64 1.0.8 72.00 NOTE
r-release-macos-x86_64 1.0.8 127.00 NOTE
r-release-windows-x86_64 1.0.8 121.00 273.00 394.00 OK
r-oldrel-macos-arm64 1.0.8 79.00 NOTE
r-oldrel-macos-x86_64 1.0.8 137.00 NOTE
r-oldrel-windows-ix86+x86_64 1.0.8 34.00 255.00 289.00 OK

Additional issues

donttest

Check Details

Version: 1.0.8
Check: package dependencies
Result: NOTE
    Imports includes 34 non-default packages.
    Importing from so many packages makes the package vulnerable to any of
    them becoming unavailable. Move as many as possible to Suggests and
    use conditionally.
Flavor: r-devel-linux-x86_64-fedora-clang

Version: 1.0.8
Check: data for non-ASCII characters
Result: NOTE
     Note: found 90 marked UTF-8 strings
Flavors: r-devel-linux-x86_64-fedora-clang, r-devel-linux-x86_64-fedora-gcc, r-release-macos-arm64, r-release-macos-x86_64, r-oldrel-macos-arm64, r-oldrel-macos-x86_64