Last updated on 2022-06-26 03:49:54 CEST.
Flavor | Version | Tinstall | Tcheck | Ttotal | Status | Flags |
---|---|---|---|---|---|---|
r-devel-linux-x86_64-debian-clang | 0.1.1 | 14.50 | 133.87 | 148.37 | OK | |
r-devel-linux-x86_64-debian-gcc | 0.1.1 | 8.89 | 98.68 | 107.57 | OK | |
r-devel-linux-x86_64-fedora-clang | 0.1.1 | 179.09 | NOTE | |||
r-devel-linux-x86_64-fedora-gcc | 0.1.1 | 177.90 | NOTE | |||
r-devel-windows-x86_64 | 0.1.1 | 19.00 | 147.00 | 166.00 | OK | |
r-patched-linux-x86_64 | 0.1.1 | 13.42 | 122.74 | 136.16 | OK | |
r-release-linux-x86_64 | 0.1.1 | 15.01 | 127.83 | 142.84 | OK | |
r-release-macos-arm64 | 0.1.1 | 49.00 | NOTE | |||
r-release-macos-x86_64 | 0.1.1 | 83.00 | NOTE | |||
r-release-windows-x86_64 | 0.1.1 | 21.00 | 153.00 | 174.00 | OK | |
r-oldrel-macos-arm64 | 0.1.1 | 62.00 | NOTE | |||
r-oldrel-macos-x86_64 | 0.1.1 | 88.00 | NOTE | |||
r-oldrel-windows-ix86+x86_64 | 0.1.1 | 30.00 | 150.00 | 180.00 | OK |
Version: 0.1.1
Check: dependencies in R code
Result: NOTE
Namespace in Imports field not imported from: ‘tidyr’
All declared Imports should be used.
Flavors: r-devel-linux-x86_64-fedora-clang, r-devel-linux-x86_64-fedora-gcc, r-release-macos-arm64, r-release-macos-x86_64, r-oldrel-macos-arm64, r-oldrel-macos-x86_64