CRAN Package Check Results for Package AbsFilterGSEA

Last updated on 2020-09-22 16:02:21 CEST.

Flavor Version Tinstall Tcheck Ttotal Status Flags
r-devel-linux-x86_64-debian-clang 1.5.1 55.41 168.02 223.43 NOTE
r-devel-linux-x86_64-debian-gcc 1.5.1 42.30 128.66 170.96 NOTE
r-devel-linux-x86_64-fedora-clang 1.5.1 292.26 NOTE
r-devel-linux-x86_64-fedora-gcc 1.5.1 333.30 NOTE
r-devel-windows-ix86+x86_64 1.5.1 117.00 284.00 401.00 OK
r-patched-linux-x86_64 1.5.1 41.53 163.72 205.25 NOTE
r-patched-solaris-x86 1.5.1 352.70 NOTE
r-release-linux-x86_64 1.5.1 44.49 163.81 208.30 NOTE
r-release-macos-x86_64 1.5.1 OK
r-release-windows-ix86+x86_64 1.5.1 125.00 211.00 336.00 OK
r-oldrel-macos-x86_64 1.5.1 OK
r-oldrel-windows-ix86+x86_64 1.5.1 81.00 254.00 335.00 OK

Check Details

Version: 1.5.1
Check: for non-standard things in the check directory
Result: NOTE
    Found the following files/directories:
     'geneset.txt'
Flavors: r-devel-linux-x86_64-debian-clang, r-devel-linux-x86_64-debian-gcc, r-devel-linux-x86_64-fedora-clang, r-devel-linux-x86_64-fedora-gcc, r-patched-linux-x86_64, r-patched-solaris-x86, r-release-linux-x86_64