Last updated on 2023-01-26 15:53:03 CET.
Flavor | Version | Tinstall | Tcheck | Ttotal | Status | Flags |
---|---|---|---|---|---|---|
r-devel-linux-x86_64-debian-clang | 1.0.2 | 114.41 | 94.44 | 208.85 | OK | |
r-devel-linux-x86_64-debian-gcc | 1.0.2 | 109.82 | 69.49 | 179.31 | OK | |
r-devel-linux-x86_64-fedora-clang | 1.0.2 | 314.78 | OK | |||
r-devel-linux-x86_64-fedora-gcc | 1.0.2 | 298.89 | NOTE | |||
r-devel-windows-x86_64 | 1.0.2 | 107.00 | 172.00 | 279.00 | OK | |
r-patched-linux-x86_64 | 1.0.2 | 108.82 | 92.47 | 201.29 | OK | |
r-release-linux-x86_64 | 1.0.2 | 113.75 | 94.51 | 208.26 | OK | |
r-release-macos-arm64 | 1.0.2 | 84.00 | NOTE | |||
r-release-macos-x86_64 | 1.0.2 | 131.00 | NOTE | |||
r-release-windows-x86_64 | 1.0.2 | 102.00 | 167.00 | 269.00 | OK | |
r-oldrel-macos-arm64 | 1.0.2 | 80.00 | NOTE | |||
r-oldrel-macos-x86_64 | 1.0.2 | 138.00 | NOTE | |||
r-oldrel-windows-ix86+x86_64 | 1.0.2 | 287.00 | 213.00 | 500.00 | OK |
Version: 1.0.2
Check: C++ specification
Result: NOTE
Specified C++11: please update to current default of C++17
Flavor: r-devel-linux-x86_64-fedora-gcc
Version: 1.0.2
Check: installed package size
Result: NOTE
installed size is 10.4Mb
sub-directories of 1Mb or more:
libs 9.7Mb
Flavors: r-release-macos-arm64, r-release-macos-x86_64, r-oldrel-macos-arm64, r-oldrel-macos-x86_64