CRAN Package Check Results for Package ATE

Last updated on 2021-09-19 03:50:49 CEST.

Flavor Version Tinstall Tcheck Ttotal Status Flags
r-devel-linux-x86_64-debian-clang 0.2.0 2.66 32.25 34.91 NOTE
r-devel-linux-x86_64-debian-gcc 0.2.0 2.47 24.23 26.70 NOTE
r-devel-linux-x86_64-fedora-clang 0.2.0 50.68 NOTE
r-devel-linux-x86_64-fedora-gcc 0.2.0 40.25 NOTE
r-devel-windows-x86_64 0.2.0 5.00 36.00 41.00 NOTE
r-devel-windows-x86_64-gcc10-UCRT 0.2.0 ERROR
r-patched-linux-x86_64 0.2.0 3.57 31.43 35.00 NOTE
r-patched-solaris-x86 0.2.0 57.50 NOTE
r-release-linux-x86_64 0.2.0 2.69 30.58 33.27 NOTE
r-release-macos-arm64 0.2.0 NOTE
r-release-macos-x86_64 0.2.0 NOTE
r-release-windows-ix86+x86_64 0.2.0 6.00 44.00 50.00 NOTE
r-oldrel-macos-x86_64 0.2.0 NOTE
r-oldrel-windows-ix86+x86_64 0.2.0 6.00 43.00 49.00 NOTE

Check Details

Version: 0.2.0
Check: R code for possible problems
Result: NOTE
    get.est.ATT: no visible global function definition for 'tail'
    get.est.MT: no visible global function definition for 'tail'
    get.est.simple: no visible global function definition for 'tail'
    newton.r: no visible global function definition for 'tail'
    plot.ATE: no visible global function definition for 'par'
    plot.ATE: no visible global function definition for 'axis'
    plot.ATE: no visible global function definition for 'abline'
    plot.ATE: no visible global function definition for 'lines'
    plot.ATE: no visible global function definition for 'legend'
    plot.ATE: no visible global function definition for 'points'
    print.summary.ATE: no visible global function definition for
     'printCoefmat'
    summary.ATE: no visible global function definition for 'qnorm'
    summary.ATE: no visible global function definition for 'pnorm'
    Undefined global functions or variables:
     abline axis legend lines par pnorm points printCoefmat qnorm tail
    Consider adding
     importFrom("graphics", "abline", "axis", "legend", "lines", "par",
     "points")
     importFrom("stats", "pnorm", "printCoefmat", "qnorm")
     importFrom("utils", "tail")
    to your NAMESPACE file.
Flavors: r-devel-linux-x86_64-debian-clang, r-devel-linux-x86_64-debian-gcc, r-devel-linux-x86_64-fedora-clang, r-devel-linux-x86_64-fedora-gcc, r-devel-windows-x86_64, r-devel-windows-x86_64-gcc10-UCRT, r-patched-linux-x86_64, r-patched-solaris-x86, r-release-linux-x86_64, r-release-macos-arm64, r-release-macos-x86_64, r-release-windows-ix86+x86_64, r-oldrel-macos-x86_64, r-oldrel-windows-ix86+x86_64

Version: 0.2.0
Check: whether package can be installed
Result: WARN
    Found the following significant warnings:
     WARNING: installation-time patches will not be applied, could not get the patches index
Flavor: r-devel-windows-x86_64-gcc10-UCRT

Version: 0.2.0
Check: PDF version of manual
Result: WARN
    LaTeX errors when creating PDF version.
    This typically indicates Rd problems.
Flavor: r-devel-windows-x86_64-gcc10-UCRT

Version: 0.2.0
Check: PDF version of manual without hyperrefs or index
Result: ERROR
    Re-running with no redirection of stdout/stderr.
Flavor: r-devel-windows-x86_64-gcc10-UCRT