CRAN Package Check Results for Package ASSISTant

Last updated on 2020-10-23 15:48:00 CEST.

Flavor Version Tinstall Tcheck Ttotal Status Flags
r-devel-linux-x86_64-debian-clang 1.4.2 9.83 672.73 682.56 OK
r-devel-linux-x86_64-debian-gcc 1.4.2 7.52 447.27 454.79 OK
r-devel-linux-x86_64-fedora-clang 1.4.2 744.90 OK
r-devel-linux-x86_64-fedora-gcc 1.4.2 810.17 OK
r-devel-windows-ix86+x86_64 1.4.2 16.00 734.00 750.00 OK
r-patched-linux-x86_64 1.4.2 8.59 618.75 627.34 OK
r-patched-solaris-x86 1.4.2 873.70 NOTE
r-release-linux-x86_64 1.4.2 7.42 613.89 621.31 OK
r-release-macos-x86_64 1.4.2 OK
r-release-windows-ix86+x86_64 1.4.2 12.00 738.00 750.00 OK
r-oldrel-macos-x86_64 1.4.2 OK
r-oldrel-windows-ix86+x86_64 1.4.2 14.00 744.00 758.00 OK

Check Details

Version: 1.4.2
Check: installed package size
Result: NOTE
     installed size is 5.4Mb
     sub-directories of 1Mb or more:
     doc 2.4Mb
     full_doc 2.6Mb
Flavor: r-patched-solaris-x86