CRAN Package Check Results for Package ARPobservation

Last updated on 2020-09-22 03:49:14 CEST.

Flavor Version Tinstall Tcheck Ttotal Status Flags
r-devel-linux-x86_64-debian-clang 1.2.0 5.01 52.16 57.17 OK
r-devel-linux-x86_64-debian-gcc 1.2.0 0.44 2.39 2.83 ERROR
r-devel-linux-x86_64-fedora-clang 1.2.0 76.37 OK
r-devel-linux-x86_64-fedora-gcc 1.2.0 80.13 OK
r-devel-windows-ix86+x86_64 1.2.0 8.00 78.00 86.00 OK
r-patched-linux-x86_64 1.2.0 4.55 51.14 55.69 OK
r-patched-solaris-x86 1.2.0 92.10 OK
r-release-linux-x86_64 1.2.0 4.31 51.44 55.75 OK
r-release-macos-x86_64 1.2.0 OK
r-release-windows-ix86+x86_64 1.2.0 9.00 77.00 86.00 OK
r-oldrel-macos-x86_64 1.2.0 OK
r-oldrel-windows-ix86+x86_64 1.2.0 5.00 57.00 62.00 OK

Check Details

Version: 1.2.0
Check: whether package can be installed
Result: ERROR
    Installation failed.
Flavor: r-devel-linux-x86_64-debian-gcc