CRAN Package Check Results for Package ARDL

Last updated on 2020-09-22 03:49:13 CEST.

Flavor Version Tinstall Tcheck Ttotal Status Flags
r-devel-linux-x86_64-debian-clang 0.1.0 7.53 55.85 63.38 OK
r-devel-linux-x86_64-debian-gcc 0.1.0 0.32 1.99 2.31 ERROR
r-devel-linux-x86_64-fedora-clang 0.1.0 85.04 OK
r-devel-linux-x86_64-fedora-gcc 0.1.0 89.50 OK
r-devel-windows-ix86+x86_64 0.1.0 15.00 81.00 96.00 OK
r-patched-linux-x86_64 0.1.0 5.83 54.00 59.83 OK
r-patched-solaris-x86 0.1.0 102.60 OK
r-release-linux-x86_64 0.1.0 7.48 53.79 61.27 OK
r-release-macos-x86_64 0.1.0 OK
r-release-windows-ix86+x86_64 0.1.0 15.00 88.00 103.00 OK
r-oldrel-macos-x86_64 0.1.0 OK
r-oldrel-windows-ix86+x86_64 0.1.0 8.00 54.00 62.00 OK

Check Details

Version: 0.1.0
Check: whether package can be installed
Result: ERROR
    Installation failed.
Flavor: r-devel-linux-x86_64-debian-gcc