CRAN Package Check Results for Package AR

Last updated on 2020-09-22 03:49:13 CEST.

Flavor Version Tinstall Tcheck Ttotal Status Flags
r-devel-linux-x86_64-debian-clang 1.1 1.71 22.37 24.08 OK
r-devel-linux-x86_64-debian-gcc 1.1 0.28 1.76 2.04 ERROR
r-devel-linux-x86_64-fedora-clang 1.1 39.09 OK
r-devel-linux-x86_64-fedora-gcc 1.1 33.55 OK
r-devel-windows-ix86+x86_64 1.1 4.00 43.00 47.00 OK
r-patched-linux-x86_64 1.1 1.97 22.13 24.10 OK
r-patched-solaris-x86 1.1 43.30 OK
r-release-linux-x86_64 1.1 1.73 22.34 24.07 OK
r-release-macos-x86_64 1.1 OK
r-release-windows-ix86+x86_64 1.1 4.00 35.00 39.00 OK
r-oldrel-macos-x86_64 1.1 OK
r-oldrel-windows-ix86+x86_64 1.1 4.00 49.00 53.00 OK

Check Details

Version: 1.1
Check: whether package can be installed
Result: ERROR
    Installation failed.
Flavor: r-devel-linux-x86_64-debian-gcc