CRAN Package Check Results for Package AQuadtree

Last updated on 2020-10-23 15:48:00 CEST.

Flavor Version Tinstall Tcheck Ttotal Status Flags
r-devel-linux-x86_64-debian-clang 1.0.2 10.79 114.96 125.75 OK
r-devel-linux-x86_64-debian-gcc 1.0.2 9.22 86.79 96.01 OK
r-devel-linux-x86_64-fedora-clang 1.0.2 158.39 NOTE
r-devel-linux-x86_64-fedora-gcc 1.0.2 168.39 OK
r-devel-windows-ix86+x86_64 1.0.2 22.00 161.00 183.00 NOTE
r-patched-linux-x86_64 1.0.2 11.14 108.30 119.44 OK
r-patched-solaris-x86 1.0.2 192.40 NOTE
r-release-linux-x86_64 1.0.2 10.33 107.41 117.74 OK
r-release-macos-x86_64 1.0.2 NOTE
r-release-windows-ix86+x86_64 1.0.2 16.00 152.00 168.00 NOTE
r-oldrel-macos-x86_64 1.0.2 NOTE
r-oldrel-windows-ix86+x86_64 1.0.2 17.00 148.00 165.00 OK

Check Details

Version: 1.0.2
Check: installed package size
Result: NOTE
     installed size is 5.1Mb
     sub-directories of 1Mb or more:
     data 3.8Mb
Flavors: r-devel-linux-x86_64-fedora-clang, r-devel-windows-ix86+x86_64, r-patched-solaris-x86, r-release-macos-x86_64, r-release-windows-ix86+x86_64, r-oldrel-macos-x86_64