CRAN Package Check Results for Package APIS

Last updated on 2020-09-22 03:49:13 CEST.

Flavor Version Tinstall Tcheck Ttotal Status Flags
r-devel-linux-x86_64-debian-clang 1.0.0 6.57 63.96 70.53 OK
r-devel-linux-x86_64-debian-gcc 1.0.0 0.25 2.18 2.43 ERROR
r-devel-linux-x86_64-fedora-clang 1.0.0 93.27 NOTE
r-devel-linux-x86_64-fedora-gcc 1.0.0 100.19 NOTE
r-devel-windows-ix86+x86_64 1.0.0 17.00 171.00 188.00 OK
r-patched-linux-x86_64 1.0.0 6.51 62.29 68.80 OK
r-patched-solaris-x86 1.0.0 224.40 OK
r-release-linux-x86_64 1.0.0 5.76 61.52 67.28 OK
r-release-macos-x86_64 1.0.0 OK
r-release-windows-ix86+x86_64 1.0.0 16.00 171.00 187.00 OK
r-oldrel-macos-x86_64 1.0.0 OK
r-oldrel-windows-ix86+x86_64 1.0.0 9.00 130.00 139.00 OK

Check Details

Version: 1.0.0
Check: whether package can be installed
Result: ERROR
    Installation failed.
Flavor: r-devel-linux-x86_64-debian-gcc

Version: 1.0.0
Check: compiled code
Result: NOTE
    File ‘APIS/libs/APIS.so’:
     Found no calls to: ‘R_registerRoutines’, ‘R_useDynamicSymbols’
    
    It is good practice to register native routines and to disable symbol
    search.
    
    See ‘Writing portable packages’ in the ‘Writing R Extensions’ manual.
Flavors: r-devel-linux-x86_64-fedora-clang, r-devel-linux-x86_64-fedora-gcc