Last updated on 2023-02-01 15:51:15 CET.
Flavor | Version | Tinstall | Tcheck | Ttotal | Status | Flags |
---|---|---|---|---|---|---|
r-devel-linux-x86_64-debian-clang | 0.2.1 | 55.63 | 87.15 | 142.78 | OK | |
r-devel-linux-x86_64-debian-gcc | 0.2.1 | 40.43 | 64.93 | 105.36 | OK | |
r-devel-linux-x86_64-fedora-clang | 0.2.1 | 198.21 | OK | |||
r-devel-linux-x86_64-fedora-gcc | 0.2.1 | 210.32 | OK | |||
r-devel-windows-x86_64 | 0.2.1 | 234.00 | 199.00 | 433.00 | OK | |
r-patched-linux-x86_64 | 0.2.1 | 47.36 | 77.11 | 124.47 | OK | |
r-release-linux-x86_64 | 0.2.1 | 44.04 | 74.77 | 118.81 | OK | |
r-release-macos-arm64 | 0.2.1 | 48.00 | OK | |||
r-release-macos-x86_64 | 0.2.1 | 78.00 | OK | |||
r-release-windows-x86_64 | 0.2.1 | 175.00 | 180.00 | 355.00 | OK | |
r-oldrel-macos-arm64 | 0.2.1 | 64.00 | OK | |||
r-oldrel-macos-x86_64 | 0.2.1 | 105.00 | OK | |||
r-oldrel-windows-ix86+x86_64 | 0.2.1 | 126.00 | 149.00 | 275.00 | NOTE |
Version: 0.2.1
Check: installed package size
Result: NOTE
installed size is 5.1Mb
sub-directories of 1Mb or more:
doc 2.4Mb
libs 2.0Mb
Flavor: r-oldrel-windows-ix86+x86_64