CRAN Package Check Results for Package ALTopt

Last updated on 2020-09-22 03:49:13 CEST.

Flavor Version Tinstall Tcheck Ttotal Status Flags
r-devel-linux-x86_64-debian-clang 0.1.2 3.37 26.30 29.67 OK
r-devel-linux-x86_64-debian-gcc 0.1.2 0.27 1.94 2.21 ERROR
r-devel-linux-x86_64-fedora-clang 0.1.2 46.09 OK
r-devel-linux-x86_64-fedora-gcc 0.1.2 42.21 OK
r-devel-windows-ix86+x86_64 0.1.2 6.00 45.00 51.00 OK
r-patched-linux-x86_64 0.1.2 3.03 26.02 29.05 OK
r-patched-solaris-x86 0.1.2 51.50 OK
r-release-linux-x86_64 0.1.2 3.15 25.92 29.07 OK
r-release-macos-x86_64 0.1.2 OK
r-release-windows-ix86+x86_64 0.1.2 8.00 34.00 42.00 OK
r-oldrel-macos-x86_64 0.1.2 OK
r-oldrel-windows-ix86+x86_64 0.1.2 5.00 48.00 53.00 OK

Check Details

Version: 0.1.2
Check: whether package can be installed
Result: ERROR
    Installation failed.
Flavor: r-devel-linux-x86_64-debian-gcc