CRAN Package Check Results for Package ALSM

Last updated on 2021-09-19 03:50:48 CEST.

Flavor Version Tinstall Tcheck Ttotal Status Flags
r-devel-linux-x86_64-debian-clang 0.2.0 8.12 58.88 67.00 OK
r-devel-linux-x86_64-debian-gcc 0.2.0 6.29 43.56 49.85 OK
r-devel-linux-x86_64-fedora-clang 0.2.0 86.66 OK
r-devel-linux-x86_64-fedora-gcc 0.2.0 75.17 OK
r-devel-windows-x86_64 0.2.0 8.00 64.00 72.00 OK
r-devel-windows-x86_64-gcc10-UCRT 0.2.0 ERROR
r-patched-linux-x86_64 0.2.0 8.31 57.50 65.81 OK
r-patched-solaris-x86 0.2.0 109.00 OK
r-release-linux-x86_64 0.2.0 7.82 57.08 64.90 OK
r-release-macos-arm64 0.2.0 OK
r-release-macos-x86_64 0.2.0 OK
r-release-windows-ix86+x86_64 0.2.0 19.00 86.00 105.00 OK
r-oldrel-macos-x86_64 0.2.0 OK
r-oldrel-windows-ix86+x86_64 0.2.0 18.00 62.00 80.00 OK

Check Details

Version: 0.2.0
Check: whether package can be installed
Result: WARN
    Found the following significant warnings:
     WARNING: installation-time patches will not be applied, could not get the patches index
Flavor: r-devel-windows-x86_64-gcc10-UCRT

Version: 0.2.0
Check: PDF version of manual
Result: WARN
    LaTeX errors when creating PDF version.
    This typically indicates Rd problems.
Flavor: r-devel-windows-x86_64-gcc10-UCRT

Version: 0.2.0
Check: PDF version of manual without hyperrefs or index
Result: ERROR
    Re-running with no redirection of stdout/stderr.
Flavor: r-devel-windows-x86_64-gcc10-UCRT