CRAN Package Check Results for Package AIG

Last updated on 2022-10-01 03:54:02 CEST.

Flavor Version Tinstall Tcheck Ttotal Status Flags
r-devel-linux-x86_64-debian-clang 0.1.9 14.24 54.96 69.20 NOTE
r-devel-linux-x86_64-debian-gcc 0.1.9 9.45 46.42 55.87 NOTE
r-devel-linux-x86_64-fedora-clang 0.1.9 177.67 NOTE
r-devel-linux-x86_64-fedora-gcc 0.1.9 155.06 NOTE
r-devel-windows-x86_64 0.1.9 17.00 132.00 149.00 NOTE
r-patched-linux-x86_64 0.1.9 12.69 58.57 71.26 NOTE
r-release-linux-x86_64 0.1.9 11.30 53.65 64.95 NOTE
r-release-macos-arm64 0.1.9 37.00 NOTE
r-release-macos-x86_64 0.1.9 55.00 NOTE
r-release-windows-x86_64 0.1.9 18.00 126.00 144.00 NOTE
r-oldrel-macos-arm64 0.1.9 49.00 NOTE
r-oldrel-macos-x86_64 0.1.9 86.00 NOTE
r-oldrel-windows-ix86+x86_64 0.1.9 29.00 141.00 170.00 NOTE

Check Details

Version: 0.1.9
Check: LazyData
Result: NOTE
     'LazyData' is specified without a 'data' directory
Flavors: r-devel-linux-x86_64-debian-clang, r-devel-linux-x86_64-debian-gcc, r-devel-linux-x86_64-fedora-clang, r-devel-linux-x86_64-fedora-gcc, r-devel-windows-x86_64, r-patched-linux-x86_64, r-release-linux-x86_64, r-release-macos-arm64, r-release-macos-x86_64, r-release-windows-x86_64, r-oldrel-macos-arm64, r-oldrel-macos-x86_64, r-oldrel-windows-ix86+x86_64

Version: 0.1.9
Check: for non-standard things in the check directory
Result: NOTE
    Found the following files/directories:
     'ans_19-2.jpg' 'display2d_19-2.jpg' 'dist(3)_19-2.jpg'
     'dist(4)_19-2.jpg' 'dist(mirror)_19-2.jpg' 'dist(mirror2)_19-2.jpg'
Flavors: r-devel-linux-x86_64-debian-clang, r-devel-linux-x86_64-debian-gcc, r-devel-linux-x86_64-fedora-clang, r-devel-linux-x86_64-fedora-gcc, r-patched-linux-x86_64, r-release-linux-x86_64