CRAN Package Check Results for Package AICcmodavg

Last updated on 2020-09-27 03:46:26 CEST.

Flavor Version Tinstall Tcheck Ttotal Status Flags
r-devel-linux-x86_64-debian-clang 2.3-1 72.54 432.16 504.70 OK
r-devel-linux-x86_64-debian-gcc 2.3-1 69.62 317.97 387.59 OK
r-devel-linux-x86_64-fedora-clang 2.3-1 609.19 NOTE
r-devel-linux-x86_64-fedora-gcc 2.3-1 740.14 OK
r-devel-windows-ix86+x86_64 2.3-1 133.00 451.00 584.00 OK
r-patched-linux-x86_64 2.3-1 79.91 391.80 471.71 OK
r-patched-solaris-x86 2.3-1 686.30 OK
r-release-linux-x86_64 2.3-1 76.92 396.94 473.86 OK
r-release-macos-x86_64 2.3-1 OK
r-release-windows-ix86+x86_64 2.3-1 116.00 467.00 583.00 OK
r-oldrel-macos-x86_64 2.3-1 OK
r-oldrel-windows-ix86+x86_64 2.3-1 121.00 401.00 522.00 OK

Check Details

Version: 2.3-1
Check: Rd cross-references
Result: NOTE
    Undeclared packages ‘multcomp’, ‘gmodels’ in Rd xrefs
Flavor: r-devel-linux-x86_64-fedora-clang