Last updated on 2022-07-02 15:52:12 CEST.
Flavor | Version | Tinstall | Tcheck | Ttotal | Status | Flags |
---|---|---|---|---|---|---|
r-devel-linux-x86_64-debian-clang | 2.3-1 | 75.39 | 404.46 | 479.85 | OK | |
r-devel-linux-x86_64-debian-gcc | 2.3-1 | 71.17 | 294.40 | 365.57 | OK | |
r-devel-linux-x86_64-fedora-clang | 2.3-1 | 584.58 | NOTE | |||
r-devel-linux-x86_64-fedora-gcc | 2.3-1 | 584.62 | OK | |||
r-devel-windows-x86_64 | 2.3-1 | 164.00 | 392.00 | 556.00 | OK | |
r-patched-linux-x86_64 | 2.3-1 | 85.23 | 387.13 | 472.36 | OK | |
r-release-linux-x86_64 | 2.3-1 | 71.42 | 387.62 | 459.04 | OK | |
r-release-macos-arm64 | 2.3-1 | 182.00 | OK | |||
r-release-macos-x86_64 | 2.3-1 | 320.00 | NOTE | |||
r-release-windows-x86_64 | 2.3-1 | 154.00 | 388.00 | 542.00 | OK | |
r-oldrel-macos-arm64 | 2.3-1 | 161.00 | NOTE | |||
r-oldrel-macos-x86_64 | 2.3-1 | 331.00 | OK | |||
r-oldrel-windows-ix86+x86_64 | 2.3-1 | 124.00 | 402.00 | 526.00 | OK |
Version: 2.3-1
Check: Rd cross-references
Result: NOTE
Undeclared packages ‘multcomp’, ‘gmodels’ in Rd xrefs
Flavor: r-devel-linux-x86_64-fedora-clang
Version: 2.3-1
Check: package dependencies
Result: NOTE
Packages suggested but not available for checking: 'R2jags', 'jagsUI'
Flavors: r-release-macos-x86_64, r-oldrel-macos-arm64