CRAN Package Check Results for Package AHMbook

Last updated on 2022-01-27 02:51:18 CET.

Flavor Version Tinstall Tcheck Ttotal Status Flags
r-devel-linux-x86_64-debian-clang 0.2.3 36.42 380.34 416.76 OK
r-devel-linux-x86_64-debian-gcc 0.2.3 29.62 278.98 308.60 OK
r-devel-linux-x86_64-fedora-clang 0.2.3 479.46 OK
r-devel-linux-x86_64-fedora-gcc 0.2.3 499.17 OK
r-devel-windows-x86_64-new-UL 0.2.3 124.00 398.00 522.00 OK
r-devel-windows-x86_64-new-TK 0.2.3 ERROR
r-patched-linux-x86_64 0.2.3 32.39 343.49 375.88 OK
r-release-linux-x86_64 0.2.3 30.01 342.21 372.22 OK
r-release-macos-arm64 0.2.3 OK
r-release-macos-x86_64 0.2.3 OK
r-release-windows-ix86+x86_64 0.2.3 71.00 403.00 474.00 OK
r-oldrel-macos-x86_64 0.2.3 OK
r-oldrel-windows-ix86+x86_64 0.2.3 74.00 330.00 404.00 OK

Check Details

Version: 0.2.3
Check: package dependencies
Result: ERROR
    Package required but not available: 'unmarked'
    
    See section 'The DESCRIPTION file' in the 'Writing R Extensions'
    manual.
Flavor: r-devel-windows-x86_64-new-TK