Last updated on 2023-01-29 16:54:50 CET.
Flavor | Version | Tinstall | Tcheck | Ttotal | Status | Flags |
---|---|---|---|---|---|---|
r-devel-linux-x86_64-debian-clang | 0.2.6 | 42.68 | 436.10 | 478.78 | NOTE | |
r-devel-linux-x86_64-debian-gcc | 0.2.6 | 35.71 | 320.86 | 356.57 | NOTE | |
r-devel-linux-x86_64-fedora-clang | 0.2.6 | 653.23 | NOTE | |||
r-devel-linux-x86_64-fedora-gcc | 0.2.6 | 598.50 | NOTE | |||
r-devel-windows-x86_64 | 0.2.6 | 106.00 | 513.00 | 619.00 | OK | |
r-patched-linux-x86_64 | 0.2.6 | 46.09 | 413.28 | 459.37 | NOTE | |
r-release-linux-x86_64 | 0.2.6 | 38.05 | 419.21 | 457.26 | NOTE | |
r-release-macos-arm64 | 0.2.6 | 116.00 | OK | |||
r-release-macos-x86_64 | 0.2.6 | 179.00 | OK | |||
r-release-windows-x86_64 | 0.2.6 | 86.00 | 481.00 | 567.00 | OK | |
r-oldrel-macos-arm64 | 0.2.6 | 94.00 | OK | |||
r-oldrel-macos-x86_64 | 0.2.6 | 170.00 | OK | |||
r-oldrel-windows-ix86+x86_64 | 0.2.6 | 87.00 | 460.00 | 547.00 | OK |
Version: 0.2.6
Check: package dependencies
Result: NOTE
Package suggested but not available for checking: ‘RandomFields’
Flavors: r-devel-linux-x86_64-debian-clang, r-devel-linux-x86_64-debian-gcc, r-devel-linux-x86_64-fedora-clang, r-devel-linux-x86_64-fedora-gcc, r-patched-linux-x86_64, r-release-linux-x86_64