Last updated on 2023-03-26 03:50:04 CEST.
Flavor | Version | Tinstall | Tcheck | Ttotal | Status | Flags |
---|---|---|---|---|---|---|
r-devel-linux-x86_64-debian-clang | 1.0 | 3.90 | 35.12 | 39.02 | NOTE | |
r-devel-linux-x86_64-debian-gcc | 1.0 | 3.72 | 28.19 | 31.91 | NOTE | |
r-devel-linux-x86_64-fedora-gcc | 1.0 | 50.07 | NOTE | |||
r-devel-windows-x86_64 | 1.0 | 32.00 | 69.00 | 101.00 | NOTE | |
r-patched-linux-x86_64 | 1.0 | 5.06 | 36.14 | 41.20 | NOTE | |
r-release-linux-x86_64 | 1.0 | 4.91 | 34.94 | 39.85 | NOTE | |
r-release-macos-arm64 | 1.0 | 22.00 | NOTE | |||
r-release-macos-x86_64 | 1.0 | 31.00 | NOTE | |||
r-release-windows-x86_64 | 1.0 | 25.00 | 63.00 | 88.00 | NOTE | |
r-oldrel-macos-arm64 | 1.0 | 25.00 | NOTE | |||
r-oldrel-macos-x86_64 | 1.0 | 35.00 | NOTE | |||
r-oldrel-windows-ix86+x86_64 | 1.0 | 10.00 | 61.00 | 71.00 | OK |
Version: 1.0
Check: package dependencies
Result: NOTE
Package suggested but not available for checking: ‘INLA’
Flavors: r-devel-linux-x86_64-debian-clang, r-devel-linux-x86_64-debian-gcc, r-devel-windows-x86_64, r-patched-linux-x86_64, r-release-linux-x86_64, r-release-macos-arm64, r-release-macos-x86_64, r-release-windows-x86_64, r-oldrel-macos-arm64, r-oldrel-macos-x86_64
Version: 1.0
Check: dependencies in R code
Result: NOTE
Namespace in Imports field not imported from: ‘rgdal’
All declared Imports should be used.
Flavors: r-devel-linux-x86_64-fedora-gcc, r-release-macos-arm64, r-release-macos-x86_64, r-oldrel-macos-arm64, r-oldrel-macos-x86_64