CRAN Package Check Results for Package AFheritability

Last updated on 2022-01-23 15:48:59 CET.

Flavor Version Tinstall Tcheck Ttotal Status Flags
r-devel-linux-x86_64-debian-clang 0.1.0 6.39 65.36 71.75 NOTE
r-devel-linux-x86_64-debian-gcc 0.1.0 4.77 55.37 60.14 NOTE
r-devel-linux-x86_64-fedora-clang 0.1.0 87.74 NOTE
r-devel-linux-x86_64-fedora-gcc 0.1.0 81.73 NOTE
r-devel-windows-x86_64-new-UL 0.1.0 54.00 84.00 138.00 NOTE
r-devel-windows-x86_64-new-TK 0.1.0 NOTE
r-patched-linux-x86_64 0.1.0 5.26 62.20 67.46 NOTE
r-release-linux-x86_64 0.1.0 5.73 62.77 68.50 NOTE
r-release-macos-arm64 0.1.0 NOTE
r-release-macos-x86_64 0.1.0 NOTE
r-release-windows-ix86+x86_64 0.1.0 16.00 77.00 93.00 NOTE
r-oldrel-macos-x86_64 0.1.0 OK
r-oldrel-windows-ix86+x86_64 0.1.0 16.00 77.00 93.00 OK

Check Details

Version: 0.1.0
Check: LazyData
Result: NOTE
     'LazyData' is specified without a 'data' directory
Flavors: r-devel-linux-x86_64-debian-clang, r-devel-linux-x86_64-debian-gcc, r-devel-linux-x86_64-fedora-clang, r-devel-linux-x86_64-fedora-gcc, r-devel-windows-x86_64-new-UL, r-devel-windows-x86_64-new-TK, r-patched-linux-x86_64, r-release-linux-x86_64, r-release-macos-arm64, r-release-macos-x86_64, r-release-windows-ix86+x86_64