CRAN Package Check Results for Package ADPclust

Last updated on 2022-06-27 15:53:37 CEST.

Flavor Version Tinstall Tcheck Ttotal Status Flags
r-devel-linux-x86_64-debian-clang 0.7 2.92 66.98 69.90 OK
r-devel-linux-x86_64-debian-gcc 0.7 2.73 48.24 50.97 OK
r-devel-linux-x86_64-fedora-clang 0.7 93.73 NOTE
r-devel-linux-x86_64-fedora-gcc 0.7 94.21 NOTE
r-devel-windows-x86_64 0.7 29.00 95.00 124.00 OK
r-patched-linux-x86_64 0.7 2.62 65.73 68.35 OK
r-release-linux-x86_64 0.7 3.07 63.50 66.57 OK
r-release-macos-arm64 0.7 29.00 NOTE
r-release-macos-x86_64 0.7 48.00 NOTE
r-release-windows-x86_64 0.7 24.00 95.00 119.00 OK
r-oldrel-macos-arm64 0.7 37.00 NOTE
r-oldrel-macos-x86_64 0.7 41.00 NOTE
r-oldrel-windows-ix86+x86_64 0.7 8.00 93.00 101.00 OK

Check Details

Version: 0.7
Check: dependencies in R code
Result: NOTE
    Namespaces in Imports field not imported from:
     ‘fields’ ‘knitr’
     All declared Imports should be used.
Flavors: r-devel-linux-x86_64-fedora-clang, r-devel-linux-x86_64-fedora-gcc, r-release-macos-arm64, r-release-macos-x86_64, r-oldrel-macos-arm64, r-oldrel-macos-x86_64