CRAN Package Check Results for Package ADMUR

Last updated on 2021-09-22 03:48:46 CEST.

Flavor Version Tinstall Tcheck Ttotal Status Flags
r-devel-linux-x86_64-debian-clang 1.0.3 4.75 86.91 91.66 OK
r-devel-linux-x86_64-debian-gcc 1.0.3 4.13 61.95 66.08 OK
r-devel-linux-x86_64-fedora-clang 1.0.3 117.94 OK
r-devel-linux-x86_64-fedora-gcc 1.0.3 102.37 OK
r-devel-windows-x86_64 1.0.3 5.00 103.00 108.00 OK
r-devel-windows-x86_64-gcc10-UCRT 1.0.3 ERROR
r-patched-linux-x86_64 1.0.3 4.97 82.97 87.94 OK
r-patched-solaris-x86 1.0.3 170.00 OK
r-release-linux-x86_64 1.0.3 5.51 85.19 90.70 OK
r-release-macos-arm64 1.0.3 OK
r-release-macos-x86_64 1.0.3 OK
r-release-windows-ix86+x86_64 1.0.3 10.00 128.00 138.00 OK
r-oldrel-macos-x86_64 1.0.3 OK
r-oldrel-windows-ix86+x86_64 1.0.3 9.00 123.00 132.00 OK

Check Details

Version: 1.0.3
Check: whether package can be installed
Result: WARN
    Found the following significant warnings:
     WARNING: installation-time patches will not be applied, could not get the patches index
Flavor: r-devel-windows-x86_64-gcc10-UCRT

Version: 1.0.3
Check: PDF version of manual
Result: WARN
    LaTeX errors when creating PDF version.
    This typically indicates Rd problems.
Flavor: r-devel-windows-x86_64-gcc10-UCRT

Version: 1.0.3
Check: PDF version of manual without hyperrefs or index
Result: ERROR
    Re-running with no redirection of stdout/stderr.
Flavor: r-devel-windows-x86_64-gcc10-UCRT