CRAN Package Check Results for Package ADMMnet

Last updated on 2020-09-29 15:47:27 CEST.

Flavor Version Tinstall Tcheck Ttotal Status Flags
r-devel-linux-x86_64-debian-clang 0.1 48.81 68.64 117.45 NOTE
r-devel-linux-x86_64-debian-gcc 0.1 38.84 52.46 91.30 NOTE
r-devel-linux-x86_64-fedora-clang 0.1 155.47 NOTE
r-devel-linux-x86_64-fedora-gcc 0.1 151.81 NOTE
r-devel-windows-ix86+x86_64 0.1 92.00 124.00 216.00 NOTE
r-patched-linux-x86_64 0.1 43.83 64.05 107.88 NOTE
r-patched-solaris-x86 0.1 161.70 NOTE
r-release-linux-x86_64 0.1 47.08 64.15 111.23 NOTE
r-release-macos-x86_64 0.1 NOTE
r-release-windows-ix86+x86_64 0.1 100.00 115.00 215.00 NOTE
r-oldrel-macos-x86_64 0.1 NOTE
r-oldrel-windows-ix86+x86_64 0.1 84.00 127.00 211.00 NOTE

Check Details

Version: 0.1
Check: line endings in C/C++/Fortran sources/headers
Result: NOTE
    Found the following sources/headers with CR or CRLF line endings:
     inst/include/ADMMnet.h
     inst/include/ADMMnet_RcppExports.h
    Some Unix compilers require LF line endings.
Flavors: r-devel-linux-x86_64-debian-clang, r-devel-linux-x86_64-debian-gcc, r-devel-linux-x86_64-fedora-clang, r-devel-linux-x86_64-fedora-gcc, r-devel-windows-ix86+x86_64, r-patched-linux-x86_64, r-patched-solaris-x86, r-release-linux-x86_64, r-release-macos-x86_64, r-release-windows-ix86+x86_64, r-oldrel-macos-x86_64, r-oldrel-windows-ix86+x86_64

Version: 0.1
Check: installed package size
Result: NOTE
     installed size is 6.8Mb
     sub-directories of 1Mb or more:
     libs 6.6Mb
Flavors: r-devel-linux-x86_64-fedora-clang, r-release-macos-x86_64, r-oldrel-macos-x86_64

Version: 0.1
Check: compiled code
Result: NOTE
    File ‘ADMMnet/libs/ADMMnet.so’:
     Found no calls to: ‘R_registerRoutines’, ‘R_useDynamicSymbols’
    
    It is good practice to register native routines and to disable symbol
    search.
    
    See ‘Writing portable packages’ in the ‘Writing R Extensions’ manual.
Flavors: r-devel-linux-x86_64-fedora-clang, r-devel-linux-x86_64-fedora-gcc