CRAN Package Check Results for Package ADMM

Last updated on 2021-01-18 15:49:52 CET.

Flavor Version Tinstall Tcheck Ttotal Status Flags
r-devel-linux-x86_64-debian-clang 0.3.2 75.60 68.34 143.94 OK
r-devel-linux-x86_64-debian-gcc 0.3.2 53.09 53.39 106.48 OK
r-devel-linux-x86_64-fedora-clang 0.3.2 206.61 NOTE
r-devel-linux-x86_64-fedora-gcc 0.3.2 199.89 OK
r-devel-windows-ix86+x86_64 0.3.2 126.00 105.00 231.00 OK
r-patched-linux-x86_64 0.3.2 61.96 64.31 126.27 OK
r-patched-solaris-x86 0.3.2 190.80 OK
r-release-linux-x86_64 0.3.2 61.43 64.44 125.87 OK
r-release-macos-x86_64 0.3.2 NOTE
r-release-windows-ix86+x86_64 0.3.2 132.00 132.00 264.00 OK
r-oldrel-macos-x86_64 0.3.2 NOTE
r-oldrel-windows-ix86+x86_64 0.3.2 148.00 131.00 279.00 OK

Check Details

Version: 0.3.2
Check: installed package size
Result: NOTE
     installed size is 6.5Mb
     sub-directories of 1Mb or more:
     libs 6.3Mb
Flavors: r-devel-linux-x86_64-fedora-clang, r-release-macos-x86_64, r-oldrel-macos-x86_64