Last updated on 2023-01-31 15:55:40 CET.
Flavor | Version | Tinstall | Tcheck | Ttotal | Status | Flags |
---|---|---|---|---|---|---|
r-devel-linux-x86_64-debian-clang | 1.0.22 | 4.89 | 85.25 | 90.14 | OK | |
r-devel-linux-x86_64-debian-gcc | 1.0.22 | 3.88 | 62.78 | 66.66 | OK | |
r-devel-linux-x86_64-fedora-clang | 1.0.22 | 110.74 | NOTE | |||
r-devel-linux-x86_64-fedora-gcc | 1.0.22 | 126.67 | OK | |||
r-devel-windows-x86_64 | 1.0.22 | 29.00 | 136.00 | 165.00 | NOTE | |
r-patched-linux-x86_64 | 1.0.22 | 6.91 | 80.08 | 86.99 | OK | |
r-release-linux-x86_64 | 1.0.22 | 6.12 | 78.22 | 84.34 | OK | |
r-release-macos-arm64 | 1.0.22 | 32.00 | NOTE | |||
r-release-macos-x86_64 | 1.0.22 | 49.00 | NOTE | |||
r-release-windows-x86_64 | 1.0.22 | 35.00 | 125.00 | 160.00 | NOTE | |
r-oldrel-macos-arm64 | 1.0.22 | 32.00 | NOTE | |||
r-oldrel-macos-x86_64 | 1.0.22 | 55.00 | NOTE | |||
r-oldrel-windows-ix86+x86_64 | 1.0.22 | 11.00 | 118.00 | 129.00 | NOTE |
Version: 1.0.22
Check: installed package size
Result: NOTE
installed size is 7.6Mb
sub-directories of 1Mb or more:
doc 7.1Mb
Flavors: r-devel-linux-x86_64-fedora-clang, r-devel-windows-x86_64, r-release-macos-arm64, r-release-macos-x86_64, r-release-windows-x86_64, r-oldrel-macos-arm64, r-oldrel-macos-x86_64, r-oldrel-windows-ix86+x86_64
Version: 1.0.22
Check: package dependencies
Result: NOTE
Package suggested but not available for checking: ‘DeconRNASeq’
Flavor: r-oldrel-macos-arm64