CRAN Package Check Results for Package ACEt

Last updated on 2022-10-01 03:54:02 CEST.

Flavor Version Tinstall Tcheck Ttotal Status Flags
r-devel-linux-x86_64-debian-clang 1.8.2 93.86 293.33 387.19 OK
r-devel-linux-x86_64-debian-gcc 1.8.2 67.68 195.25 262.93 OK
r-devel-linux-x86_64-fedora-clang 1.8.2 253.58 OK
r-devel-linux-x86_64-fedora-gcc 1.8.2 251.39 OK
r-devel-windows-x86_64 1.8.2 76.00 498.00 574.00 OK
r-patched-linux-x86_64 1.8.2 72.45 263.68 336.13 OK
r-release-linux-x86_64 1.8.2 69.93 258.49 328.42 OK
r-release-macos-arm64 1.8.2 117.00 NOTE
r-release-macos-x86_64 1.8.2 181.00 NOTE
r-release-windows-x86_64 1.8.2 69.00 478.00 547.00 OK
r-oldrel-macos-arm64 1.8.2 111.00 NOTE
r-oldrel-macos-x86_64 1.8.2 182.00 NOTE
r-oldrel-windows-ix86+x86_64 1.8.2 162.00 480.00 642.00 OK

Check Details

Version: 1.8.2
Check: installed package size
Result: NOTE
     installed size is 7.0Mb
     sub-directories of 1Mb or more:
     doc 1.7Mb
     libs 5.0Mb
Flavors: r-release-macos-arm64, r-release-macos-x86_64, r-oldrel-macos-arm64, r-oldrel-macos-x86_64